{"id":1729,"date":"2019-07-16T07:33:32","date_gmt":"2019-07-16T07:33:32","guid":{"rendered":"http:\/\/localhost:8888\/www\/gla\/?page_id=1729"},"modified":"2019-10-31T09:00:53","modified_gmt":"2019-10-31T09:00:53","slug":"carlos-gallardo","status":"publish","type":"page","link":"https:\/\/www.gallardo-llopis.com\/en\/studio\/carlos-gallardo\/","title":{"rendered":"Carlos Gallardo"},"content":{"rendered":"<p>Architect by the Superior Technical School of Architecture of Valencia (ETSAV) in 2008 with honors. He teaches from 2010 to 2012 at the European University of Madrid (UEM), a centre attached to Valencia in the Department of Architectural Projects, where he has given several conferences.<\/p>\n<p>He has participated and received prizes in different Architecture Competitions such as the International Competition for the Fundaci\u00f3n Arquitectura Contempor\u00e1nea in C\u00f3rdoba or the Sustainable Habitat Forum of the EMVS. His projects have been published in architecture magazines such as AV Proyectos, TC Cuadernos and Dise\u00f1o Interior among others. He receives the Bancaja Prize for his Final Project (PFC), which is also published and exhibited several times online at the Medell\u00edn Architecture Biennial.<\/p>\n<p>In the years 2010 &#8211; 2012 he collaborates with the firm Fran Silvestre Arquitectos in different competitions and works.<\/p>\n","protected":false},"excerpt":{"rendered":"<p>Architect by the Superior Technical School of Architecture of Valencia (ETSAV) in 2008 with honors. He teaches from 2010 to 2012 at the European University of Madrid (UEM), a centre attached to Valencia in the Department of Architectural Projects, where&#8230;<\/p>\n","protected":false},"author":1,"featured_media":1685,"parent":814,"menu_order":0,"comment_status":"closed","ping_status":"closed","template":"page-bio.php","meta":{"footnotes":""},"class_list":["post-1729","page","type-page","status-publish","has-post-thumbnail","hentry"],"yoast_head":"<!-- This site is optimized with the Yoast SEO plugin v27.5 - https:\/\/yoast.com\/product\/yoast-seo-wordpress\/ -->\n<title>Carlos Gallardo<\/title>\n<meta name=\"robots\" content=\"index, follow, max-snippet:-1, max-image-preview:large, max-video-preview:-1\" \/>\n<link rel=\"canonical\" href=\"https:\/\/www.gallardo-llopis.com\/en\/studio\/carlos-gallardo\/\" \/>\n<meta property=\"og:locale\" content=\"en_US\" \/>\n<meta property=\"og:type\" content=\"article\" \/>\n<meta property=\"og:title\" content=\"Carlos Gallardo\" \/>\n<meta property=\"og:description\" content=\"Architect by the Superior Technical School of Architecture of Valencia (ETSAV) in 2008 with honors. He teaches from 2010 to 2012 at the European University of Madrid (UEM), a centre attached to Valencia in the Department of Architectural Projects, where...\" \/>\n<meta property=\"og:url\" content=\"https:\/\/www.gallardo-llopis.com\/en\/studio\/carlos-gallardo\/\" \/>\n<meta property=\"og:site_name\" content=\"Gallardo Llopis Architects\" \/>\n<meta property=\"article:publisher\" content=\"https:\/\/www.facebook.com\/GallardoLlopisArquitectos\/\" \/>\n<meta property=\"article:modified_time\" content=\"2019-10-31T09:00:53+00:00\" \/>\n<meta property=\"og:image\" content=\"https:\/\/www.gallardo-llopis.com\/wordpress\/wp-content\/uploads\/2019\/07\/equipo-carlos-gallardo-2.jpg\" \/>\n\t<meta property=\"og:image:width\" content=\"1400\" \/>\n\t<meta property=\"og:image:height\" content=\"1180\" \/>\n\t<meta property=\"og:image:type\" content=\"image\/jpeg\" \/>\n<meta name=\"twitter:card\" content=\"summary_large_image\" \/>\n<meta name=\"twitter:label1\" content=\"Est. reading time\" \/>\n\t<meta name=\"twitter:data1\" content=\"1 minute\" \/>\n<script type=\"application\/ld+json\" class=\"yoast-schema-graph\">{\"@context\":\"https:\\\/\\\/schema.org\",\"@graph\":[{\"@type\":\"WebPage\",\"@id\":\"https:\\\/\\\/www.gallardo-llopis.com\\\/en\\\/studio\\\/carlos-gallardo\\\/\",\"url\":\"https:\\\/\\\/www.gallardo-llopis.com\\\/en\\\/studio\\\/carlos-gallardo\\\/\",\"name\":\"Carlos Gallardo\",\"isPartOf\":{\"@id\":\"https:\\\/\\\/www.gallardo-llopis.com\\\/#website\"},\"primaryImageOfPage\":{\"@id\":\"https:\\\/\\\/www.gallardo-llopis.com\\\/en\\\/studio\\\/carlos-gallardo\\\/#primaryimage\"},\"image\":{\"@id\":\"https:\\\/\\\/www.gallardo-llopis.com\\\/en\\\/studio\\\/carlos-gallardo\\\/#primaryimage\"},\"thumbnailUrl\":\"https:\\\/\\\/www.gallardo-llopis.com\\\/wordpress\\\/wp-content\\\/uploads\\\/2019\\\/07\\\/equipo-carlos-gallardo-2.jpg\",\"datePublished\":\"2019-07-16T07:33:32+00:00\",\"dateModified\":\"2019-10-31T09:00:53+00:00\",\"breadcrumb\":{\"@id\":\"https:\\\/\\\/www.gallardo-llopis.com\\\/en\\\/studio\\\/carlos-gallardo\\\/#breadcrumb\"},\"inLanguage\":\"en-US\",\"potentialAction\":[{\"@type\":\"ReadAction\",\"target\":[\"https:\\\/\\\/www.gallardo-llopis.com\\\/en\\\/studio\\\/carlos-gallardo\\\/\"]}]},{\"@type\":\"ImageObject\",\"inLanguage\":\"en-US\",\"@id\":\"https:\\\/\\\/www.gallardo-llopis.com\\\/en\\\/studio\\\/carlos-gallardo\\\/#primaryimage\",\"url\":\"https:\\\/\\\/www.gallardo-llopis.com\\\/wordpress\\\/wp-content\\\/uploads\\\/2019\\\/07\\\/equipo-carlos-gallardo-2.jpg\",\"contentUrl\":\"https:\\\/\\\/www.gallardo-llopis.com\\\/wordpress\\\/wp-content\\\/uploads\\\/2019\\\/07\\\/equipo-carlos-gallardo-2.jpg\",\"width\":1400,\"height\":1180,\"caption\":\"Carlos Gallardo - Gallardo Llopis Arquitectos\"},{\"@type\":\"BreadcrumbList\",\"@id\":\"https:\\\/\\\/www.gallardo-llopis.com\\\/en\\\/studio\\\/carlos-gallardo\\\/#breadcrumb\",\"itemListElement\":[{\"@type\":\"ListItem\",\"position\":1,\"name\":\"Portada\",\"item\":\"https:\\\/\\\/www.gallardo-llopis.com\\\/en\\\/\"},{\"@type\":\"ListItem\",\"position\":2,\"name\":\"Studio\",\"item\":\"https:\\\/\\\/www.gallardo-llopis.com\\\/en\\\/studio\\\/\"},{\"@type\":\"ListItem\",\"position\":3,\"name\":\"Carlos Gallardo\"}]},{\"@type\":\"WebSite\",\"@id\":\"https:\\\/\\\/www.gallardo-llopis.com\\\/#website\",\"url\":\"https:\\\/\\\/www.gallardo-llopis.com\\\/\",\"name\":\"Gallardo Llopis Architects\",\"description\":\"Architecture and Design Studio - Valencia, Alicante, Ibiza and Castell\u00f3n\",\"publisher\":{\"@id\":\"https:\\\/\\\/www.gallardo-llopis.com\\\/#organization\"},\"potentialAction\":[{\"@type\":\"SearchAction\",\"target\":{\"@type\":\"EntryPoint\",\"urlTemplate\":\"https:\\\/\\\/www.gallardo-llopis.com\\\/?s={search_term_string}\"},\"query-input\":{\"@type\":\"PropertyValueSpecification\",\"valueRequired\":true,\"valueName\":\"search_term_string\"}}],\"inLanguage\":\"en-US\"},{\"@type\":\"Organization\",\"@id\":\"https:\\\/\\\/www.gallardo-llopis.com\\\/#organization\",\"name\":\"Gallardo Llopis Arquitectos\",\"url\":\"https:\\\/\\\/www.gallardo-llopis.com\\\/\",\"logo\":{\"@type\":\"ImageObject\",\"inLanguage\":\"en-US\",\"@id\":\"https:\\\/\\\/www.gallardo-llopis.com\\\/#\\\/schema\\\/logo\\\/image\\\/\",\"url\":\"https:\\\/\\\/www.gallardo-llopis.com\\\/wordpress\\\/wp-content\\\/uploads\\\/2017\\\/11\\\/logo-contacto.jpg\",\"contentUrl\":\"https:\\\/\\\/www.gallardo-llopis.com\\\/wordpress\\\/wp-content\\\/uploads\\\/2017\\\/11\\\/logo-contacto.jpg\",\"width\":768,\"height\":427,\"caption\":\"Gallardo Llopis Arquitectos\"},\"image\":{\"@id\":\"https:\\\/\\\/www.gallardo-llopis.com\\\/#\\\/schema\\\/logo\\\/image\\\/\"},\"sameAs\":[\"https:\\\/\\\/www.facebook.com\\\/GallardoLlopisArquitectos\\\/\",\"https:\\\/\\\/www.instagram.com\\\/gallardo_llopis_arquitectos\\\/\",\"https:\\\/\\\/www.linkedin.com\\\/company\\\/gallardo-llopis-arquitectos\\\/\",\"https:\\\/\\\/www.pinterest.es\\\/GallardoLlopisArquitectos\\\/\"]}]}<\/script>\n<!-- \/ Yoast SEO plugin. -->","yoast_head_json":{"title":"Carlos Gallardo","robots":{"index":"index","follow":"follow","max-snippet":"max-snippet:-1","max-image-preview":"max-image-preview:large","max-video-preview":"max-video-preview:-1"},"canonical":"https:\/\/www.gallardo-llopis.com\/en\/studio\/carlos-gallardo\/","og_locale":"en_US","og_type":"article","og_title":"Carlos Gallardo","og_description":"Architect by the Superior Technical School of Architecture of Valencia (ETSAV) in 2008 with honors. He teaches from 2010 to 2012 at the European University of Madrid (UEM), a centre attached to Valencia in the Department of Architectural Projects, where...","og_url":"https:\/\/www.gallardo-llopis.com\/en\/studio\/carlos-gallardo\/","og_site_name":"Gallardo Llopis Architects","article_publisher":"https:\/\/www.facebook.com\/GallardoLlopisArquitectos\/","article_modified_time":"2019-10-31T09:00:53+00:00","og_image":[{"width":1400,"height":1180,"url":"https:\/\/www.gallardo-llopis.com\/wordpress\/wp-content\/uploads\/2019\/07\/equipo-carlos-gallardo-2.jpg","type":"image\/jpeg"}],"twitter_card":"summary_large_image","twitter_misc":{"Est. reading time":"1 minute"},"schema":{"@context":"https:\/\/schema.org","@graph":[{"@type":"WebPage","@id":"https:\/\/www.gallardo-llopis.com\/en\/studio\/carlos-gallardo\/","url":"https:\/\/www.gallardo-llopis.com\/en\/studio\/carlos-gallardo\/","name":"Carlos Gallardo","isPartOf":{"@id":"https:\/\/www.gallardo-llopis.com\/#website"},"primaryImageOfPage":{"@id":"https:\/\/www.gallardo-llopis.com\/en\/studio\/carlos-gallardo\/#primaryimage"},"image":{"@id":"https:\/\/www.gallardo-llopis.com\/en\/studio\/carlos-gallardo\/#primaryimage"},"thumbnailUrl":"https:\/\/www.gallardo-llopis.com\/wordpress\/wp-content\/uploads\/2019\/07\/equipo-carlos-gallardo-2.jpg","datePublished":"2019-07-16T07:33:32+00:00","dateModified":"2019-10-31T09:00:53+00:00","breadcrumb":{"@id":"https:\/\/www.gallardo-llopis.com\/en\/studio\/carlos-gallardo\/#breadcrumb"},"inLanguage":"en-US","potentialAction":[{"@type":"ReadAction","target":["https:\/\/www.gallardo-llopis.com\/en\/studio\/carlos-gallardo\/"]}]},{"@type":"ImageObject","inLanguage":"en-US","@id":"https:\/\/www.gallardo-llopis.com\/en\/studio\/carlos-gallardo\/#primaryimage","url":"https:\/\/www.gallardo-llopis.com\/wordpress\/wp-content\/uploads\/2019\/07\/equipo-carlos-gallardo-2.jpg","contentUrl":"https:\/\/www.gallardo-llopis.com\/wordpress\/wp-content\/uploads\/2019\/07\/equipo-carlos-gallardo-2.jpg","width":1400,"height":1180,"caption":"Carlos Gallardo - Gallardo Llopis Arquitectos"},{"@type":"BreadcrumbList","@id":"https:\/\/www.gallardo-llopis.com\/en\/studio\/carlos-gallardo\/#breadcrumb","itemListElement":[{"@type":"ListItem","position":1,"name":"Portada","item":"https:\/\/www.gallardo-llopis.com\/en\/"},{"@type":"ListItem","position":2,"name":"Studio","item":"https:\/\/www.gallardo-llopis.com\/en\/studio\/"},{"@type":"ListItem","position":3,"name":"Carlos Gallardo"}]},{"@type":"WebSite","@id":"https:\/\/www.gallardo-llopis.com\/#website","url":"https:\/\/www.gallardo-llopis.com\/","name":"Gallardo Llopis Architects","description":"Architecture and Design Studio - Valencia, Alicante, Ibiza and Castell\u00f3n","publisher":{"@id":"https:\/\/www.gallardo-llopis.com\/#organization"},"potentialAction":[{"@type":"SearchAction","target":{"@type":"EntryPoint","urlTemplate":"https:\/\/www.gallardo-llopis.com\/?s={search_term_string}"},"query-input":{"@type":"PropertyValueSpecification","valueRequired":true,"valueName":"search_term_string"}}],"inLanguage":"en-US"},{"@type":"Organization","@id":"https:\/\/www.gallardo-llopis.com\/#organization","name":"Gallardo Llopis Arquitectos","url":"https:\/\/www.gallardo-llopis.com\/","logo":{"@type":"ImageObject","inLanguage":"en-US","@id":"https:\/\/www.gallardo-llopis.com\/#\/schema\/logo\/image\/","url":"https:\/\/www.gallardo-llopis.com\/wordpress\/wp-content\/uploads\/2017\/11\/logo-contacto.jpg","contentUrl":"https:\/\/www.gallardo-llopis.com\/wordpress\/wp-content\/uploads\/2017\/11\/logo-contacto.jpg","width":768,"height":427,"caption":"Gallardo Llopis Arquitectos"},"image":{"@id":"https:\/\/www.gallardo-llopis.com\/#\/schema\/logo\/image\/"},"sameAs":["https:\/\/www.facebook.com\/GallardoLlopisArquitectos\/","https:\/\/www.instagram.com\/gallardo_llopis_arquitectos\/","https:\/\/www.linkedin.com\/company\/gallardo-llopis-arquitectos\/","https:\/\/www.pinterest.es\/GallardoLlopisArquitectos\/"]}]}},"_links":{"self":[{"href":"https:\/\/www.gallardo-llopis.com\/en\/wp-json\/wp\/v2\/pages\/1729","targetHints":{"allow":["GET"]}}],"collection":[{"href":"https:\/\/www.gallardo-llopis.com\/en\/wp-json\/wp\/v2\/pages"}],"about":[{"href":"https:\/\/www.gallardo-llopis.com\/en\/wp-json\/wp\/v2\/types\/page"}],"author":[{"embeddable":true,"href":"https:\/\/www.gallardo-llopis.com\/en\/wp-json\/wp\/v2\/users\/1"}],"replies":[{"embeddable":true,"href":"https:\/\/www.gallardo-llopis.com\/en\/wp-json\/wp\/v2\/comments?post=1729"}],"version-history":[{"count":3,"href":"https:\/\/www.gallardo-llopis.com\/en\/wp-json\/wp\/v2\/pages\/1729\/revisions"}],"predecessor-version":[{"id":1991,"href":"https:\/\/www.gallardo-llopis.com\/en\/wp-json\/wp\/v2\/pages\/1729\/revisions\/1991"}],"up":[{"embeddable":true,"href":"https:\/\/www.gallardo-llopis.com\/en\/wp-json\/wp\/v2\/pages\/814"}],"wp:featuredmedia":[{"embeddable":true,"href":"https:\/\/www.gallardo-llopis.com\/en\/wp-json\/wp\/v2\/media\/1685"}],"wp:attachment":[{"href":"https:\/\/www.gallardo-llopis.com\/en\/wp-json\/wp\/v2\/media?parent=1729"}],"curies":[{"name":"wp","href":"https:\/\/api.w.org\/{rel}","templated":true}]}}

<p>Architect by the Superior Technical School of Architecture of Valencia (ETSAV) in 2008 with honors. He teaches from 2010 to 2012 at the European University of Madrid (UEM), a centre attached to Valencia in the Department of Architectural Projects, where he has given several conferences.</p>
<p>He has participated and received prizes in different Architecture Competitions such as the International Competition for the Fundación Arquitectura Contemporánea in Córdoba or the Sustainable Habitat Forum of the EMVS. His projects have been published in architecture magazines such as AV Proyectos, TC Cuadernos and Diseño Interior among others. He receives the Bancaja Prize for his Final Project (PFC), which is also published and exhibited several times online at the Medellín Architecture Biennial.</p>
<p>In the years 2010 &#8211; 2012 he collaborates with the firm Fran Silvestre Arquitectos in different competitions and works.</p>

<!-- This site is optimized with the Yoast SEO plugin v27.5 - https://yoast.com/product/yoast-seo-wordpress/ -->
<title>Carlos Gallardo</title>
<meta name="robots" content="index, follow, max-snippet:-1, max-image-preview:large, max-video-preview:-1" />
<link rel="canonical" href="https://www.gallardo-llopis.com/en/studio/carlos-gallardo/" />
<meta property="og:locale" content="en_US" />
<meta property="og:type" content="article" />
<meta property="og:title" content="Carlos Gallardo" />
<meta property="og:description" content="Architect by the Superior Technical School of Architecture of Valencia (ETSAV) in 2008 with honors. He teaches from 2010 to 2012 at the European University of Madrid (UEM), a centre attached to Valencia in the Department of Architectural Projects, where..." />
<meta property="og:url" content="https://www.gallardo-llopis.com/en/studio/carlos-gallardo/" />
<meta property="og:site_name" content="Gallardo Llopis Architects" />
<meta property="article:publisher" content="https://www.facebook.com/GallardoLlopisArquitectos/" />
<meta property="article:modified_time" content="2019-10-31T09:00:53+00:00" />
<meta property="og:image" content="https://www.gallardo-llopis.com/wordpress/wp-content/uploads/2019/07/equipo-carlos-gallardo-2.jpg" />
	<meta property="og:image:width" content="1400" />
	<meta property="og:image:height" content="1180" />
	<meta property="og:image:type" content="image/jpeg" />
<meta name="twitter:card" content="summary_large_image" />
<meta name="twitter:label1" content="Est. reading time" />
	<meta name="twitter:data1" content="1 minute" />
<script type="application/ld+json" class="yoast-schema-graph">{"@context":"https:\/\/schema.org","@graph":[{"@type":"WebPage","@id":"https:\/\/www.gallardo-llopis.com\/en\/studio\/carlos-gallardo\/","url":"https:\/\/www.gallardo-llopis.com\/en\/studio\/carlos-gallardo\/","name":"Carlos Gallardo","isPartOf":{"@id":"https:\/\/www.gallardo-llopis.com\/#website"},"primaryImageOfPage":{"@id":"https:\/\/www.gallardo-llopis.com\/en\/studio\/carlos-gallardo\/#primaryimage"},"image":{"@id":"https:\/\/www.gallardo-llopis.com\/en\/studio\/carlos-gallardo\/#primaryimage"},"thumbnailUrl":"https:\/\/www.gallardo-llopis.com\/wordpress\/wp-content\/uploads\/2019\/07\/equipo-carlos-gallardo-2.jpg","datePublished":"2019-07-16T07:33:32+00:00","dateModified":"2019-10-31T09:00:53+00:00","breadcrumb":{"@id":"https:\/\/www.gallardo-llopis.com\/en\/studio\/carlos-gallardo\/#breadcrumb"},"inLanguage":"en-US","potentialAction":[{"@type":"ReadAction","target":["https:\/\/www.gallardo-llopis.com\/en\/studio\/carlos-gallardo\/"]}]},{"@type":"ImageObject","inLanguage":"en-US","@id":"https:\/\/www.gallardo-llopis.com\/en\/studio\/carlos-gallardo\/#primaryimage","url":"https:\/\/www.gallardo-llopis.com\/wordpress\/wp-content\/uploads\/2019\/07\/equipo-carlos-gallardo-2.jpg","contentUrl":"https:\/\/www.gallardo-llopis.com\/wordpress\/wp-content\/uploads\/2019\/07\/equipo-carlos-gallardo-2.jpg","width":1400,"height":1180,"caption":"Carlos Gallardo - Gallardo Llopis Arquitectos"},{"@type":"BreadcrumbList","@id":"https:\/\/www.gallardo-llopis.com\/en\/studio\/carlos-gallardo\/#breadcrumb","itemListElement":[{"@type":"ListItem","position":1,"name":"Portada","item":"https:\/\/www.gallardo-llopis.com\/en\/"},{"@type":"ListItem","position":2,"name":"Studio","item":"https:\/\/www.gallardo-llopis.com\/en\/studio\/"},{"@type":"ListItem","position":3,"name":"Carlos Gallardo"}]},{"@type":"WebSite","@id":"https:\/\/www.gallardo-llopis.com\/#website","url":"https:\/\/www.gallardo-llopis.com\/","name":"Gallardo Llopis Architects","description":"Architecture and Design Studio - Valencia, Alicante, Ibiza and Castellón","publisher":{"@id":"https:\/\/www.gallardo-llopis.com\/#organization"},"potentialAction":[{"@type":"SearchAction","target":{"@type":"EntryPoint","urlTemplate":"https:\/\/www.gallardo-llopis.com\/?s={search_term_string}"},"query-input":{"@type":"PropertyValueSpecification","valueRequired":true,"valueName":"search_term_string"}}],"inLanguage":"en-US"},{"@type":"Organization","@id":"https:\/\/www.gallardo-llopis.com\/#organization","name":"Gallardo Llopis Arquitectos","url":"https:\/\/www.gallardo-llopis.com\/","logo":{"@type":"ImageObject","inLanguage":"en-US","@id":"https:\/\/www.gallardo-llopis.com\/#\/schema\/logo\/image\/","url":"https:\/\/www.gallardo-llopis.com\/wordpress\/wp-content\/uploads\/2017\/11\/logo-contacto.jpg","contentUrl":"https:\/\/www.gallardo-llopis.com\/wordpress\/wp-content\/uploads\/2017\/11\/logo-contacto.jpg","width":768,"height":427,"caption":"Gallardo Llopis Arquitectos"},"image":{"@id":"https:\/\/www.gallardo-llopis.com\/#\/schema\/logo\/image\/"},"sameAs":["https:\/\/www.facebook.com\/GallardoLlopisArquitectos\/","https:\/\/www.instagram.com\/gallardo_llopis_arquitectos\/","https:\/\/www.linkedin.com\/company\/gallardo-llopis-arquitectos\/","https:\/\/www.pinterest.es\/GallardoLlopisArquitectos\/"]}]}</script>
<!-- / Yoast SEO plugin. -->

Architecture and Design Studio - Valencia, Alicante, Ibiza and Castellón
